t r(p) = -6*p**2 + p + 2*p**2 + 4 + 4*p**2 + p**2. Let d be 6/(-15)*(10 - 0). List the prime factors of r(d).
2
Let h(z) be the second derivative of z**7/2520 + z**6/240 - z**5/8 + z**4/12 - 7*z. Let s(i) be the third derivative of h(i). List the prime factors of s(7).
5, 11
Let n = -2 + 13. Let s = 15 - n. Let t(y) = y**3 - 2*y**2 + 2*y + 4. What are the prime factors of t(s)?
2, 11
Let n(c) = -c + 1. Let w be n(4). Let q be 1 + (-1 - w) + 1. Suppose -5*v + h = -q*h - 25, 4*v + 2*h = 20. List the prime factors of v.
5
Let h = 32 + -37. What are the prime factors of -8*1*(h - 2)?
2, 7
Let h(y) = 219*y + 208. What are the prime factors of h(3)?
5, 173
Suppose -33*p + 35*p - 1092 = 0. Suppose 5*g - 12*g + p = 0. List the prime factors of g.
2, 3, 13
Let j(t) = 2*t**2 - 3*t - 2. Let k(g) = 3*g**2 - g - 1. Let a be k(-1). Let i be j(a). Suppose x = i + 13. What are the prime factors of x?
2, 5
Let w(r) = -2*r - 2 - 2*r + 9. Let m(q) = -9*q**2 - q + 1. Let f be m(-1). List the prime factors of w(f).
5, 7
Let x(g) be the second derivative of -g**4/12 - 7*g**3/6 - 2*g**2 - g. Suppose c + 2*r + 1 = -5, -r = 2*c + 12. List the prime factors of x(c).
2
Suppose -230 = -2*c + y + 927, 0 = -4*c - 4*y + 2344. Suppose -2*p - c = -5*f, 4*f - 245 = 2*f + 5*p. What are the prime factors of f?
5, 23
Let z(i) = -i**3 + 10*i**2 - 21*i + 3. Let a be z(7). Suppose 2*d + 120 = 4*t, 4*t + a*d = -d + 132. List the prime factors of t.
31
What are the prime factors of (-4)/((-36)/(-3))*-12 - -220?
2, 7
Let k(i) = -i**3 - 7*i**2 + 7. Let w be k(-7). Let n = 132 - w. List the prime factors of n.
5
List the prime factors of (-22)/(-33) - (-958)/3.
2, 5
Suppose -3*x - 5*b + 22 = 0, 4*x = -x - b + 22. Suppose 0 = 5*p - 2*z - 0*z - 655, 2*p - x*z = 278. List the prime factors of p.
3, 43
Suppose 3*j - 18 = -3. Suppose -j*v = -4*v - 64. List the prime factors of v.
2
Let c be 1*(1 - 3) + 8. Let d be (c/4)/(3/4). Suppose 0 = -d*v + 23 + 1. What are the prime factors of v?
2, 3
Suppose b = -6*l + 7*l - 119, -4*b = -5*l + 599. Let t = l - 56. What are the prime factors of t?
67
Let x = 73 + -82. Let g = x + 12. List the prime factors of g.
3
Suppose 3*c - 206 + 92 = 0. Suppose -5*m + 4*m = -4*r - 29, 2*r = 3*m - 17. Let i = c + r. List the prime factors of i.
31
Suppose 3*u - 2442 = -8*u. Let x = -31 + u. What are the prime factors of x?
191
Suppose -103 = -4*m + 5*n, n - 5*n + 10 = m. Let k be 15/10*(-4)/(-6). List the prime factors of m/11 - (-15)/k.
17
Let z be -67 + (9*-1)/(-3). Let y be (-1)/(z/(-21) - 3). What are the prime factors of (17 - -1)*(-28)/y?
2, 3
What are the prime factors of 1079 + (168/98)/(2/7)?
5, 7, 31
Let p(b) = 247*b - 159. List the prime factors of p(9).
2, 3, 43
Suppose -3*q = -88 + 1. Suppose 26*r = q*r - 33. List the prime factors of r.
11
Let u be 1*1*4/4. List the prime factors of (-4 + u - -5) + 69.
71
Let d(k) = -2*k**2 - 7*k - 3. Let a be d(-3). Suppose 371 = 3*f - w - a*w, 3*w = 3*f - 369. List the prime factors of f.
2, 31
What are the prime factors of (((-940)/(-3))/5)/(23/690)?
2, 5, 47
Let m(v) = -9*v**3 - 4*v**2 - 15*v - 45. What are the prime factors of m(-5)?
5, 211
Let o(x) = -25*x**3 + 5*x**2 + 4*x - 1. Let g be o(-3). Suppose -6*c - 5*k + g = -2*c, -2*c + k = -343. List the prime factors of c.
173
Let v(j) = -3*j**3 - 76*j**2 - 25*j + 22. What are the prime factors of v(-26)?
2, 11, 23
Suppose p + p = 124. Let d = -46 + 18. Let c = p + d. What are the prime factors of c?
2, 17
Suppose -4*d = -8, 15 = 2*a - 4*d - 1. List the prime factors of (a/10)/(2/115).
3, 23
Suppose 3*y = -11*y + 658. Let p = 118 - y. List the prime factors of p.
71
Suppose -3*w = 4*k - 8*w - 364, 472 = 5*k - 2*w. Let l be 8/84 - 40/(-21). What are the prime factors of (l - 5)/((-9)/k)?
2
Let f = -3182 + 4602. List the prime factors of f.
2, 5, 71
Let p = 9 + -18. Let j(c) = -c - 11. Let d be j(p). Let h(k) = 2*k**2 - 2*k + 1. What are the prime factors of h(d)?
13
Suppose -3227 = -9*z - 1157. Let c = z + -46. What are the prime factors of c?
2, 23
Suppose -3*x = -5*o + 5, 3*x - 2*x + 2*o = 13. Suppose -4*r + v - 6*v + 235 = 0, 0 = -4*r + x*v + 245. What are the prime factors of r?
2, 3, 5
Suppose 2*z + 2379 = 15*z. What are the prime factors of z?
3, 61
Let u(p) = 127*p**2 + 2*p + 2. Let b be u(-1). Suppose b = 2*y - 107. What are the prime factors of y?
3, 13
Let n(r) be the second derivative of -r**5/20 + r**4/12 - r**3/6 + 7*r**2 - r. Let z be 0/((4 - 4)/2 - -1). What are the prime factors of n(z)?
2, 7
Suppose -3 = 4*f - 3*i, 7*f + 3 = 2*f + 3*i. Let p be (-3)/(12/(-32) + f). List the prime factors of p + (-2 - 4/4).
5
Let a = 364 + -126. What are the prime factors of a?
2, 7, 17
Let t be (-8)/4*((-9)/2)/(-9). What are the prime factors of 15/((t - -2)/9)?
3, 5
Let c be 180/6*(-4)/(-10). Let b = 19 - c. Suppose 0 = -b*g + 4*g + 108. List the prime factors of g.
2, 3
Let p(k) be the third derivative of k**8/1120 - k**6/720 - k**5/30 - 7*k**2. Let y(l) be the third derivative of p(l). What are the prime factors of y(-1)?
17
Suppose 0 = 2*c - 9*c + 1337. List the prime factors of c.
191
Let j(z) = -z + 25. Suppose -28 = -2*a - u, -4*a + 5*u - u = -32. List the prime factors of j(a).
13
Let l = -7 + 9. Suppose -2*w = l*w - 168. Suppose j + w = 3*j. List the prime factors of j.
3, 7
Suppose 0 = 3*a - 0*h - h - 319, -99 = -a + 4*h. What are the prime factors of a?
107
Suppose -2*j - 26 = -4*s + 8, -2*s + 15 = j. Let g(q) = 6 + 5 + 6*q - s*q + q. What are the prime factors of g(8)?
3
Let g(q) = 126*q**2 + 27*q - 3. List the prime factors of g(3).
2, 3, 101
Let r(n) = -34*n + 4. Suppose 0 = 14*c - 18*c - 20. What are the prime factors of r(c)?
2, 3, 29
Let c be 17 + -3 + -1*3. Suppose c*m = 2*m + 81. What are the prime factors of m?
3
Suppose 7*j + 615 = 10*j. Let i = -71 + j. What are the prime factors of i?
2, 67
Suppose 3*h - 22 = 5*k, -3*k - 4*h = -7 - 3. What are the prime factors of (6/21)/k - 570/(-21)?
3
Let q(r) = 345*r**2 + 1. List the prime factors of q(2).
1381
List the prime factors of -6 + 0 + 43 + 234.
271
Let k be 7/1 + 0 + -1. Suppose k*g - 8*g = -70. What are the prime factors of g?
5, 7
Let u be 3*(3 - 3 - 1). Let n(y) = 2*y. Let d be n(u). What are the prime factors of (-10 + 7)*70/d?
5, 7
Let o = 442 + -151. List the prime factors of o.
3, 97
Let g = 1027 + -376. What are the prime factors of g?
3, 7, 31
Suppose -6*c + 0*c - 636 = 0. Let g = 126 + c. List the prime factors of g.
2, 5
What are the prime factors of 810 - (-2 - 14/(-7))?
2, 3, 5
Let w = 463 + 396. List the prime factors of w.
859
Let p = 518 + 563. List the prime factors of p.
23, 47
Suppose -13*f = -17*f + 112. Let y be (-2)/((-7)/(f/(-8))). List the prime factors of ((-36)/(-27))/(y/(-24)).
2
Suppose r = -3*b + 3 + 2, 0 = -4*b + r + 16. Suppose -12 = -5*z + b. Suppose -42 = x - z*x. What are the prime factors of x?
3, 7
Let v = 61 + -16. Let y = v + -36. List the prime factors of y.
3
Suppose c - 147 = -6*c. Let j = c - 5. What are the prime factors of j?
2
Let l be 5/1*(-42)/5. Let o = l + 115. Let z = 112 - o. What are the prime factors of z?
3, 13
Let k(i) = i**3 - i + 4. Suppose 2*w = -2*w + 4. Let q be 3/w - (3 + 0). List the prime factors of k(q).
2
Suppose -4*u = -4*d + 1256, 2*u - 20 = -14. What are the prime factors of d?
317
Suppose v + 3*f - 19 = 0, f + 67 = 5*v - 2*v. Let d = 38 - v. What are the prime factors of d?
2
Let l be (-554)/(-18) + (-2)/(-9). Suppose -l + 7 = -2*j. List the prime factors of j*(-2)/(-12)*3.
2, 3
Let r = 3446 - 1047. List the prime factors of r.
2399
Let g(a) = 22*a + 2. Let u(o) = 23*o + 3. Let f(v) = -4*g(v) + 3*u(v). List the prime factors of f(-3).
2, 29
List the prime factors of ((-371)/(-21))/(1/27).
3, 53
Let m be 30/(-16) - 19/152. Let p(i) = i**2 + i - 1. Let l be p(m). List the prime factors of 63 - (-10)/(6 - l).
5, 13
Suppose -27*t + 48411 = -16*t. What are the prime factors of t?
3, 163
Let h be (-70)/(-4) - (-2)/(-4). Let a = -159 - -168. List the prime factors of (h/(-4))/(a/(-36)).
17
Suppose 0 = -2*l - 9*l + 53438. List the prime factors of l.
2, 7, 347
Let l(z) = 3*z**2 + 2*z + 7. Let v be l(-7). Suppose -5*h + v + 220 = 0. What are the prime factors of h?
2, 3
Suppose 3*p + b - 14 = -0*b, -2*b = -5*p + 38. Let m = p - -33.